98448?
True
Does 330 divide 59060100?
True
Is 134 a factor of 49900662?
True
Is 130 a factor of 29657557?
False
Does 92 divide 7812964?
False
Is 10620283 a multiple of 120?
False
Is 8271261 a multiple of 2711?
True
Is 97746462 a multiple of 121?
True
Is 52344981 a multiple of 13?
True
Is 9762480 a multiple of 27?
False
Is 29 a factor of 67709316?
True
Does 10 divide 1501450080?
True
Is 9 a factor of 109910581?
False
Does 1912 divide 1605489874?
False
Is 14851795 a multiple of 300?
False
Is 19 a factor of 599689248?
True
Is 3 a factor of 99770084?
False
Is 59373540 a multiple of 7671?
True
Is 52634228 a multiple of 34?
False
Is 30036959 a multiple of 59?
True
Is 55965830 a multiple of 761?
False
Is 66 a factor of 550391622?
True
Is 1261837040 a multiple of 230?
True
Does 5 divide 29295362?
False
Is 24 a factor of 14455848?
True
Is 432557065 a multiple of 130?
False
Does 4 divide 243245998?
False
Does 9 divide 52467354?
True
Does 19 divide 170288106?
False
Is 120 a factor of 2229978998?
False
Does 159 divide 96529536?
True
Is 4503 a factor of 104641620?
False
Is 716 a factor of 41875976?
True
Is 294661558 a multiple of 9?
False
Is 89189898 a multiple of 2078?
False
Does 1513 divide 15308534?
True
Is 11392016 a multiple of 13?
False
Is 7 a factor of 2160562894?
True
Does 592 divide 55593851?
False
Does 2754 divide 114593940?
True
Does 8 divide 417947320?
True
Is 2889 a factor of 96166143?
True
Is 745 a factor of 139057975?
True
Does 44 divide 6275699174?
False
Is 27242511 a multiple of 6?
False
Is 8 a factor of 3665579224?
True
Is 1033746560 a multiple of 1540?
True
Is 34 a factor of 283142894?
False
Is 810675515 a multiple of 923?
True
Is 84 a factor of 257671260?
True
Is 1694272266 a multiple of 574?
False
Is 657866036 a multiple of 2559?
False
Does 3 divide 1567053?
True
Is 181 a factor of 144699002?
True
Does 19 divide 87045859?
True
Is 20291087 a multiple of 25?
False
Is 587859354 a multiple of 2660?
False
Is 2861 a factor of 2647866944?
True
Is 94775219 a multiple of 203?
True
Is 1186 a factor of 11607999?
False
Is 208917829 a multiple of 503?
False
Is 844 a factor of 62078354?
False
Is 76 a factor of 89336554?
False
Is 389 a factor of 156959944?
True
Is 771894897 a multiple of 2661?
True
Is 16931920 a multiple of 7?
False
Is 10092168 a multiple of 18?
True
Does 12 divide 2158228?
False
Does 22 divide 43892244?
True
Is 1378 a factor of 13074042?
False
Is 72 a factor of 288763754?
False
Is 400999055 a multiple of 955?
False
Is 60871233 a multiple of 453?
False
Does 46 divide 14117590?
False
Does 4054 divide 101711234?
False
Is 344 a factor of 8439008?
True
Does 1473 divide 42325032?
False
Does 3 divide 5871241?
False
Does 5 divide 227260928?
False
Is 1192457038 a multiple of 651?
False
Is 2766 a factor of 1748927970?
True
Is 14 a factor of 2055507078?
False
Is 2 a factor of 25060083?
False
Does 232 divide 72703912?
False
Does 532 divide 334944616?
False
Is 359 a factor of 297330262?
True
Does 18 divide 7633314?
True
Is 994772499 a multiple of 349?
True
Is 4369 a factor of 54551334?
True
Is 93956202 a multiple of 354?
True
Is 389043 a multiple of 841?
False
Is 333880153 a multiple of 241?
False
Does 390 divide 1215912360?
True
Does 258 divide 2174166?
True
Is 7 a factor of 56873582?
False
Does 46 divide 534391476?
True
Is 229132020 a multiple of 1109?
False
Does 14 divide 236611311?
False
Does 193 divide 97480826?
True
Is 437 a factor of 9343934?
True
Does 23 divide 96552012?
False
Is 6 a factor of 1374153?
False
Is 136974265 a multiple of 16?
False
Does 2313 divide 1188676143?
True
Is 79727176 a multiple of 661?
True
Is 136 a factor of 1043428223?
False
Does 472 divide 1666084008?
True
Is 24090003 a multiple of 51?
True
Is 1741572834 a multiple of 21?
False
Is 11 a factor of 1159968161?
True
Does 252 divide 5103000?
True
Is 324410765 a multiple of 14?
False
Is 1526 a factor of 3471442341?
False
Is 108 a factor of 3599219?
False
Is 1940483007 a multiple of 23?
False
Does 230 divide 727382590?
True
Is 31 a factor of 191204218?
True
Is 303 a factor of 498024738?
True
Does 17 divide 30671876?
True
Is 95874011 a multiple of 179?
True
Is 282 a factor of 38785716?
True
Does 77 divide 271127395?
True
Is 195069648 a multiple of 12?
True
Is 1536594741 a multiple of 2277?
True
Does 1456 divide 1242990112?
True
Is 12799039 a multiple of 5?
False
Is 10 a factor of 39386?
False
Does 155 divide 211249826?
False
Is 58 a factor of 35023562?
False
Is 12695445 a multiple of 205?
True
Does 6 divide 331909636?
False
Is 20 a factor of 33764376?
False
Is 685 a factor of 453012451?
False
Is 4606568 a multiple of 6?
False
Is 1241 a factor of 259918763?
True
Is 12 a factor of 11201664?
True
Does 7 divide 4303642?
True
Is 1941 a factor of 157335479?
False
Is 85 a factor of 57506240?
True
Does 5 divide 42041290?
True
Does 5 divide 383863695?
True
Is 430909578 a multiple of 1755?
False
Does 13 divide 1944574840?
True
Is 82 a factor of 1264850?
True
Is 5 a factor of 18907230?
True
Does 30 divide 13299660?
True
Is 10073824 a multiple of 521?
False
Is 218140597 a multiple of 67?
False
Is 3329 a factor of 1158358409?
False
Is 656188745 a multiple of 420?
False
Does 32 divide 430855060?
False
Is 146 a factor of 1716602008?
True
Is 3023 a factor of 41098497?
False
Does 1170 divide 39239401?
False
Is 2233 a factor of 51950745?
True
Is 1648 a factor of 443760256?
True
Is 27706900 a multiple of 65?
True
Is 1238469588 a multiple of 12?
True
Is 84 a factor of 2169805443?
False
Is 5 a factor of 11706845?
True
Is 13597189 a multiple of 403?
False
Is 53160174 a multiple of 18?
True
Does 66 divide 16961197?
False
Is 953 a factor of 40000269?
True
Is 694812786 a multiple of 38?
True
Is 22 a factor of 10283680?
True
Is 15631436 a multiple of 28?
False
Is 2047 a factor of 15218166?
False
Is 1351189560 a multiple of 42?
True
Does 4729 divide 288483187?
True
Is 5 a factor of 94462298?
False
Is 4826665360 a multiple of 40?
True
Does 18 divide 63043830?
True
Is 5 a factor of 5547735?
True
Does 186 divide 84854293?
False
Does 1474 divide 183787164?
True
Is 2306319 a multiple of 659?
False
Does 233 divide 999881560?
False
Is 1603 a factor of 2884806913?
False
Does 428 divide 64671502?
False
Is 9878735 a multiple of 1163?
False
Is 175 a factor of 996012714?
False
Is 4083583872 a multiple of 34?
True
Is 15 a factor of 3150822?
False
Does 20 divide 98848960?
True
Is 5891620 a multiple of 219?
False
Does 4720 divide 1663521520?
True
Is 1433146290 a multiple of 1179?
False
Is 264476 even?
True
Is 135 a factor of 213021507?
False
Does 18 divide 7785004?
False
Is 15241436 a multiple of 602?
True
Is 24 a factor of 60652464?
True
Does 5 divide 651221555?
True
Does 44 divide 4062403405?
False
Is 47 a factor of 641967078?
True
Does 30 divide 154996560?
True
Is 525 a factor of 28541100?
True
Is 2946 a factor of 1028630677?
False
Is 2 a factor of 355827083?
False
Is 394 a factor of 19550674?
True
Does 68 divide 234643112?
True
Is 7699874 a multiple of 13?
True
Is 11 a factor of 40050670?
True
Does 101 divide 6014237?
False
Is 48 a factor of 508798452?
False
Is 308 a factor of 356775677?
False
Does 78 divide 3023962890?
True
Does 1874 divide 37315236?
False
Is 90496444 a multiple of 199?
True
Is 1338763907 a multiple of 69?
False
Does 622 divide 3105691509?
False
Does 13 divide 16338201?
False
Is 276 a factor of 11217652?
False
Does 37 divide 5640135293?
True
Is 68039271 a multiple of 9?
True
Does 8 divide 889728209?
False
Is 66523883 a multiple of 34?
False
Is 42357384 a multiple of 18?
True
Is 19261440 a multiple of 171?
True
Is 3405 a factor of 1536019335?
True
Does 10 divide 4081390?
True
Is 523163300 a multiple of 39?
False
Does 932 divide 13904771?
False
Is 546 a factor of 8956090?
False
Does 191 divide 86077015?
True
Is 319609810 a multiple of 285?
False
Is 1957 a factor of 759313800?
False
Does 248 divide 32898595?
False
Is 996 a factor of 1066294408?
False
Is 3317 a factor of 487791386?
True
Is 20964852 a multiple of 27?
True
Is 30168710 a multiple of 130?
True
Does 4310 divide 154302310?
True
Is 2 a factor of 101871136?
True
Does 1318 divide 112071890?
False
Does 17 divide 17849870?
False
Does 119 divide 1241302923?
True
Is 1251 a factor of 12085911?
True
Does 1759 divide 49155255?
True
Is 12